{"id":10084,"date":"2011-08-08T13:41:58","date_gmt":"2011-08-08T11:41:58","guid":{"rendered":"https:\/\/futurhobby.com\/tienda\/comprar\/emisora-ccx-pro-24-ghz-jamara\/"},"modified":"2022-03-17T15:55:37","modified_gmt":"2022-03-17T14:55:37","slug":"emisora-ccx-pro-24-ghz-jamara","status":"publish","type":"product","link":"https:\/\/futurhobby.com\/tienda\/comprar\/emisora-ccx-pro-24-ghz-jamara\/","title":{"rendered":"Emisora CCX Pro &#8211; 2,4 Ghz. &#8211; Jamara"},"content":{"rendered":"<p><strong><span style=\"font-size: 10pt;\">Emisora CCX Pro &#8211; 2,4 Ghz. &#8211; Jamara<\/span><\/strong><\/p>\n<p>Esta emisora fija nuevos est\u00e1ndares en el \u00e1rea del coche RC.\u00a0Esta emisora cuenta con una pantalla grande y\u00a0de f\u00e1cil programaci\u00f3n.<\/p>\n<p><strong>Caracter\u00edsticas:<br \/><\/strong>&#8211;\u00a03 Canales totalmente programables<br \/>&#8211;\u00a0Sistema de\u00a02,4 GHz.<br \/>&#8211;\u00a0Resoluci\u00f3n de 1024<br \/>&#8211;\u00a0Memoria para 10 modelos<br \/>&#8211;\u00a0Dual Rate<br \/>&#8211;\u00a0Funci\u00f3n de inversi\u00f3n de servos<br \/>&#8211;\u00a0Regulaci\u00f3n digital de recorrido m\u00e1ximo de cada canal en dos sentidos<br \/>&#8211;\u00a0Curvas de exponencial\u00a0ajustables para cada canal<br \/>&#8211;\u00a0Funci\u00f3n ABS\u00a0ajustable en 3 pasos<br \/>&#8211;\u00a0Programaci\u00f3n sencilla a trav\u00e9s de Dial de rueda\u00a0\u00a0<br \/>&#8211; Indicador de voltaje con se\u00f1ales ac\u00fasticas de baja tensi\u00f3n\u00a0<br \/>&#8211; Peso : 395 g ( sin bateria)<br \/>&#8211;\u00a0Jack de 3,5mm para conectar simulador<br \/>&#8211;\u00a0Toma de carga<br \/>&#8211;\u00a0Porgramable receptor a Fail-Safe<br \/>&#8211;\u00a0Compatible con los receptores existentes CCX<\/p>\n<p><strong>Contenido del kit:<br \/><\/strong>&#8211; Emisora\u00a0<br \/>&#8211; Receptor\u00a0<br \/>&#8211; Instrucciones<\/p>\n<p><strong>Datos t\u00e9cnicos:<br \/><\/strong>Banda\u00a0\u00a0\u00a02,4 GHz<br \/>Tipo de modulaci\u00f3n\u00a0\u00a0GFSK<br \/>Resoluci\u00f3n de los servos\u00a010 Bit (1024 niveles)<br \/>Tensi\u00f3n de trabajo\u00a0\u00a0\u00a04,5 &#8211; 6,0 V DC<br \/>Dimensiones\u00a0\u00a0\u00a038 x 22 x 13 mm<br \/>Peso\u00a0\u00a0\u00a06 g<\/p>\n","protected":false},"excerpt":{"rendered":"<p><strong><span style=\"font-size: 10pt;\">Emisora CCX Pro &#8211; 2,4 Ghz. &#8211; Jamara<\/span><\/strong><\/p>\n","protected":false},"featured_media":10083,"comment_status":"closed","ping_status":"closed","template":"","meta":[],"pwb-brand":[],"product_cat":[588,590],"product_tag":[],"yoast_head":"<!-- This site is optimized with the Yoast SEO plugin v20.2 - https:\/\/yoast.com\/wordpress\/plugins\/seo\/ -->\n<title>Emisora CCX Pro - 2,4 Ghz. - Jamara &#8902; Futurhobby.com\/tienda<\/title>\n<meta name=\"robots\" content=\"index, follow, max-snippet:-1, max-image-preview:large, max-video-preview:-1\" \/>\n<link rel=\"canonical\" href=\"https:\/\/futurhobby.com\/tienda\/comprar\/emisora-ccx-pro-24-ghz-jamara\/\" \/>\n<meta property=\"og:locale\" content=\"es_ES\" \/>\n<meta property=\"og:type\" content=\"article\" \/>\n<meta property=\"og:title\" content=\"Emisora CCX Pro - 2,4 Ghz. - Jamara &#8902; Futurhobby.com\/tienda\" \/>\n<meta property=\"og:description\" content=\"Emisora CCX Pro - 2,4 Ghz. - Jamara\" \/>\n<meta property=\"og:url\" content=\"https:\/\/futurhobby.com\/tienda\/comprar\/emisora-ccx-pro-24-ghz-jamara\/\" \/>\n<meta property=\"og:site_name\" content=\"Futurhobby.com\/tienda\" \/>\n<meta property=\"article:publisher\" content=\"https:\/\/www.facebook.com\/futurhobby\/\" \/>\n<meta property=\"article:modified_time\" content=\"2022-03-17T14:55:37+00:00\" \/>\n<meta property=\"og:image\" content=\"https:\/\/futurhobby.com\/tienda\/wp-content\/uploads\/2011\/08\/976-Emisora-CCX-Pro-24-Ghz.-Jamara.jpg\" \/>\n\t<meta property=\"og:image:width\" content=\"600\" \/>\n\t<meta property=\"og:image:height\" content=\"400\" \/>\n\t<meta property=\"og:image:type\" content=\"image\/jpeg\" \/>\n<meta name=\"twitter:card\" content=\"summary_large_image\" \/>\n<meta name=\"twitter:label1\" content=\"Tiempo de lectura\" \/>\n\t<meta name=\"twitter:data1\" content=\"1 minuto\" \/>\n<script type=\"application\/ld+json\" class=\"yoast-schema-graph\">{\"@context\":\"https:\/\/schema.org\",\"@graph\":[{\"@type\":\"WebPage\",\"@id\":\"https:\/\/futurhobby.com\/tienda\/comprar\/emisora-ccx-pro-24-ghz-jamara\/\",\"url\":\"https:\/\/futurhobby.com\/tienda\/comprar\/emisora-ccx-pro-24-ghz-jamara\/\",\"name\":\"Emisora CCX Pro - 2,4 Ghz. - Jamara &#8902; Futurhobby.com\/tienda\",\"isPartOf\":{\"@id\":\"https:\/\/futurhobby.com\/tienda\/#website\"},\"datePublished\":\"2011-08-08T11:41:58+00:00\",\"dateModified\":\"2022-03-17T14:55:37+00:00\",\"breadcrumb\":{\"@id\":\"https:\/\/futurhobby.com\/tienda\/comprar\/emisora-ccx-pro-24-ghz-jamara\/#breadcrumb\"},\"inLanguage\":\"es\",\"potentialAction\":[{\"@type\":\"ReadAction\",\"target\":[\"https:\/\/futurhobby.com\/tienda\/comprar\/emisora-ccx-pro-24-ghz-jamara\/\"]}]},{\"@type\":\"BreadcrumbList\",\"@id\":\"https:\/\/futurhobby.com\/tienda\/comprar\/emisora-ccx-pro-24-ghz-jamara\/#breadcrumb\",\"itemListElement\":[{\"@type\":\"ListItem\",\"position\":1,\"name\":\"Portada\",\"item\":\"https:\/\/futurhobby.com\/tienda\/\"},{\"@type\":\"ListItem\",\"position\":2,\"name\":\"Tienda\",\"item\":\"https:\/\/futurhobby.com\/tienda\/\"},{\"@type\":\"ListItem\",\"position\":3,\"name\":\"Emisora CCX Pro &#8211; 2,4 Ghz. &#8211; Jamara\"}]},{\"@type\":\"WebSite\",\"@id\":\"https:\/\/futurhobby.com\/tienda\/#website\",\"url\":\"https:\/\/futurhobby.com\/tienda\/\",\"name\":\"Futurhobby.com\/tienda\",\"description\":\"Lo mejor en Drones, Aeromodelismo y Hobby\",\"potentialAction\":[{\"@type\":\"SearchAction\",\"target\":{\"@type\":\"EntryPoint\",\"urlTemplate\":\"https:\/\/futurhobby.com\/tienda\/?s={search_term_string}\"},\"query-input\":\"required name=search_term_string\"}],\"inLanguage\":\"es\"}]}<\/script>\n<!-- \/ Yoast SEO plugin. -->","yoast_head_json":{"title":"Emisora CCX Pro - 2,4 Ghz. - Jamara &#8902; Futurhobby.com\/tienda","robots":{"index":"index","follow":"follow","max-snippet":"max-snippet:-1","max-image-preview":"max-image-preview:large","max-video-preview":"max-video-preview:-1"},"canonical":"https:\/\/futurhobby.com\/tienda\/comprar\/emisora-ccx-pro-24-ghz-jamara\/","og_locale":"es_ES","og_type":"article","og_title":"Emisora CCX Pro - 2,4 Ghz. - Jamara &#8902; Futurhobby.com\/tienda","og_description":"Emisora CCX Pro - 2,4 Ghz. - Jamara","og_url":"https:\/\/futurhobby.com\/tienda\/comprar\/emisora-ccx-pro-24-ghz-jamara\/","og_site_name":"Futurhobby.com\/tienda","article_publisher":"https:\/\/www.facebook.com\/futurhobby\/","article_modified_time":"2022-03-17T14:55:37+00:00","og_image":[{"width":600,"height":400,"url":"https:\/\/futurhobby.com\/tienda\/wp-content\/uploads\/2011\/08\/976-Emisora-CCX-Pro-24-Ghz.-Jamara.jpg","type":"image\/jpeg"}],"twitter_card":"summary_large_image","twitter_misc":{"Tiempo de lectura":"1 minuto"},"schema":{"@context":"https:\/\/schema.org","@graph":[{"@type":"WebPage","@id":"https:\/\/futurhobby.com\/tienda\/comprar\/emisora-ccx-pro-24-ghz-jamara\/","url":"https:\/\/futurhobby.com\/tienda\/comprar\/emisora-ccx-pro-24-ghz-jamara\/","name":"Emisora CCX Pro - 2,4 Ghz. - Jamara &#8902; Futurhobby.com\/tienda","isPartOf":{"@id":"https:\/\/futurhobby.com\/tienda\/#website"},"datePublished":"2011-08-08T11:41:58+00:00","dateModified":"2022-03-17T14:55:37+00:00","breadcrumb":{"@id":"https:\/\/futurhobby.com\/tienda\/comprar\/emisora-ccx-pro-24-ghz-jamara\/#breadcrumb"},"inLanguage":"es","potentialAction":[{"@type":"ReadAction","target":["https:\/\/futurhobby.com\/tienda\/comprar\/emisora-ccx-pro-24-ghz-jamara\/"]}]},{"@type":"BreadcrumbList","@id":"https:\/\/futurhobby.com\/tienda\/comprar\/emisora-ccx-pro-24-ghz-jamara\/#breadcrumb","itemListElement":[{"@type":"ListItem","position":1,"name":"Portada","item":"https:\/\/futurhobby.com\/tienda\/"},{"@type":"ListItem","position":2,"name":"Tienda","item":"https:\/\/futurhobby.com\/tienda\/"},{"@type":"ListItem","position":3,"name":"Emisora CCX Pro &#8211; 2,4 Ghz. &#8211; Jamara"}]},{"@type":"WebSite","@id":"https:\/\/futurhobby.com\/tienda\/#website","url":"https:\/\/futurhobby.com\/tienda\/","name":"Futurhobby.com\/tienda","description":"Lo mejor en Drones, Aeromodelismo y Hobby","potentialAction":[{"@type":"SearchAction","target":{"@type":"EntryPoint","urlTemplate":"https:\/\/futurhobby.com\/tienda\/?s={search_term_string}"},"query-input":"required name=search_term_string"}],"inLanguage":"es"}]}},"brands":[],"_links":{"self":[{"href":"https:\/\/futurhobby.com\/tienda\/wp-json\/wp\/v2\/product\/10084"}],"collection":[{"href":"https:\/\/futurhobby.com\/tienda\/wp-json\/wp\/v2\/product"}],"about":[{"href":"https:\/\/futurhobby.com\/tienda\/wp-json\/wp\/v2\/types\/product"}],"replies":[{"embeddable":true,"href":"https:\/\/futurhobby.com\/tienda\/wp-json\/wp\/v2\/comments?post=10084"}],"wp:featuredmedia":[{"embeddable":true,"href":"https:\/\/futurhobby.com\/tienda\/wp-json\/wp\/v2\/media\/10083"}],"wp:attachment":[{"href":"https:\/\/futurhobby.com\/tienda\/wp-json\/wp\/v2\/media?parent=10084"}],"wp:term":[{"taxonomy":"pwb-brand","embeddable":true,"href":"https:\/\/futurhobby.com\/tienda\/wp-json\/wp\/v2\/pwb-brand?post=10084"},{"taxonomy":"product_cat","embeddable":true,"href":"https:\/\/futurhobby.com\/tienda\/wp-json\/wp\/v2\/product_cat?post=10084"},{"taxonomy":"product_tag","embeddable":true,"href":"https:\/\/futurhobby.com\/tienda\/wp-json\/wp\/v2\/product_tag?post=10084"}],"curies":[{"name":"wp","href":"https:\/\/api.w.org\/{rel}","templated":true}]}}