{"id":12506,"date":"2015-02-20T14:38:31","date_gmt":"2015-02-20T13:38:31","guid":{"rendered":"https:\/\/futurhobby.com\/tienda\/comprar\/align-m480l-super-combo\/"},"modified":"2024-12-05T22:34:08","modified_gmt":"2024-12-05T21:34:08","slug":"align-m480l-super-combo","status":"publish","type":"product","link":"https:\/\/futurhobby.com\/tienda\/comprar\/align-m480l-super-combo\/","title":{"rendered":"Align M480L Super Combo"},"content":{"rendered":"<p><span style=\"font-size: 10pt;\"><strong>ALIGN M480L Super Combo<\/strong><\/span><\/p>\n<p>(descripci\u00f3n por Futurhobby)<\/p>\n<p>El Align M480L se presenta como un kit premontado, s\u00f3lo son necesarias algunas operaciones de montaje y configuraci\u00f3n, si deseas recibir el multic\u00f3ptero montado y listo para colocar equipo de radio, cont\u00e1ctanos en info@futurhobby.com.<\/p>\n<p>Se trata de un aparato de programa intermedio-avanzado, adecuado para uso de hobby o profesional, pudiendo levantar pesos relativamente grandes, como un gimbal 3 ejes y c\u00e1maras Reflex y compactas de varios tipos.<\/p>\n<p>En su configuraci\u00f3n b\u00e1sica viene con 4 brazos, siendo posible en un futuro ampliarlo a hexac\u00f3ptero (6 brazos y motores).<\/p>\n<p>El tren de aterrizaje plegable facilita la toma de v\u00eddeo y fotograf\u00eda a\u00e9rea sin que aparezcan los patines en la imagen. Las piezas en carbono negro mate impiden que la luz se reflleje en ellas apareciendo en la imagen de la c\u00e1mara.<\/p>\n<p><span style=\"text-decoration: underline;\">Caracter\u00edsticas :<\/span><\/p>\n<div id=\"tabarea-techdata\">\n<div id=\"tablist1\" class=\"tabcontainer\">\n<div id=\"tech_data\" class=\"tabcontent\">\n<div>\n<p>Di\u00e1metro Total: 800 mm<br \/>\nLongitud de h\u00e9lice: 190 mm<br \/>\nDi\u00e1metro Rotor: 416 mm<br \/>\nAltura: 430 mm<br \/>\nPeso: ca. 2700 g<br \/>\nPeso en Vuelo: aprox. 3500 g (p.ej. con 1x LiPo-Akku 6S1P 22,2V 5200 mAh 60C &#8211; HBP52004)<\/p>\n<p><span style=\"text-decoration: underline;\">Contenido del Kit :<\/span><\/p>\n<div id=\"delivery\" class=\"tabcontent\">\n<div>\n<ul>\n<li>Align M480L Cuadric\u00f3ptero<\/li>\n<li>APS-M Multic\u00f3ptero Unidad Central de Control<\/li>\n<li>Sensor GPS<\/li>\n<li>GPS Status-LED<\/li>\n<li>Power Control Unit (PCU)<\/li>\n<li>4 x BL4213 Motor Brushless (370KV)<\/li>\n<li>4 x M480 40A Regulador (ESC)<\/li>\n<li>2 x Sistema Tren Retr\u00e1ctil<\/li>\n<li>4 x H\u00e9lices Rotor<\/li>\n<\/ul>\n<\/div>\n<\/div>\n<\/div>\n<\/div>\n<\/div>\n<\/div>\n","protected":false},"excerpt":{"rendered":"<p><strong>ALIGN M480L Super Combo<\/strong><\/p>\n","protected":false},"featured_media":12504,"comment_status":"closed","ping_status":"closed","template":"","meta":[],"pwb-brand":[],"product_cat":[577,583,564],"product_tag":[794,938,879,937,790],"yoast_head":"<!-- This site is optimized with the Yoast SEO plugin v20.2 - https:\/\/yoast.com\/wordpress\/plugins\/seo\/ -->\n<title>Align M480L<\/title>\n<meta name=\"description\" content=\"multicoptero Align M480M, drones Align, cuadricoptero ampliable a 6 brazos\" \/>\n<meta name=\"robots\" content=\"index, follow, max-snippet:-1, max-image-preview:large, max-video-preview:-1\" \/>\n<link rel=\"canonical\" href=\"https:\/\/futurhobby.com\/tienda\/comprar\/align-m480l-super-combo\/\" \/>\n<meta property=\"og:locale\" content=\"es_ES\" \/>\n<meta property=\"og:type\" content=\"article\" \/>\n<meta property=\"og:title\" content=\"Align M480L\" \/>\n<meta property=\"og:description\" content=\"multicoptero Align M480M, drones Align, cuadricoptero ampliable a 6 brazos\" \/>\n<meta property=\"og:url\" content=\"https:\/\/futurhobby.com\/tienda\/comprar\/align-m480l-super-combo\/\" \/>\n<meta property=\"og:site_name\" content=\"Futurhobby.com\/tienda\" \/>\n<meta property=\"article:publisher\" content=\"https:\/\/www.facebook.com\/futurhobby\/\" \/>\n<meta property=\"article:modified_time\" content=\"2024-12-05T21:34:08+00:00\" \/>\n<meta property=\"og:image\" content=\"https:\/\/futurhobby.com\/tienda\/wp-content\/uploads\/2015\/02\/3177-thickbox_default-Align-M480L.jpg\" \/>\n\t<meta property=\"og:image:width\" content=\"800\" \/>\n\t<meta property=\"og:image:height\" content=\"800\" \/>\n\t<meta property=\"og:image:type\" content=\"image\/jpeg\" \/>\n<meta name=\"twitter:card\" content=\"summary_large_image\" \/>\n<meta name=\"twitter:label1\" content=\"Tiempo de lectura\" \/>\n\t<meta name=\"twitter:data1\" content=\"1 minuto\" \/>\n<script type=\"application\/ld+json\" class=\"yoast-schema-graph\">{\"@context\":\"https:\/\/schema.org\",\"@graph\":[{\"@type\":\"WebPage\",\"@id\":\"https:\/\/futurhobby.com\/tienda\/comprar\/align-m480l-super-combo\/\",\"url\":\"https:\/\/futurhobby.com\/tienda\/comprar\/align-m480l-super-combo\/\",\"name\":\"Align M480L\",\"isPartOf\":{\"@id\":\"https:\/\/futurhobby.com\/tienda\/#website\"},\"datePublished\":\"2015-02-20T13:38:31+00:00\",\"dateModified\":\"2024-12-05T21:34:08+00:00\",\"description\":\"multicoptero Align M480M, drones Align, cuadricoptero ampliable a 6 brazos\",\"breadcrumb\":{\"@id\":\"https:\/\/futurhobby.com\/tienda\/comprar\/align-m480l-super-combo\/#breadcrumb\"},\"inLanguage\":\"es\",\"potentialAction\":[{\"@type\":\"ReadAction\",\"target\":[\"https:\/\/futurhobby.com\/tienda\/comprar\/align-m480l-super-combo\/\"]}]},{\"@type\":\"BreadcrumbList\",\"@id\":\"https:\/\/futurhobby.com\/tienda\/comprar\/align-m480l-super-combo\/#breadcrumb\",\"itemListElement\":[{\"@type\":\"ListItem\",\"position\":1,\"name\":\"Portada\",\"item\":\"https:\/\/futurhobby.com\/tienda\/\"},{\"@type\":\"ListItem\",\"position\":2,\"name\":\"Tienda\",\"item\":\"https:\/\/futurhobby.com\/tienda\/\"},{\"@type\":\"ListItem\",\"position\":3,\"name\":\"Align M480L Super Combo\"}]},{\"@type\":\"WebSite\",\"@id\":\"https:\/\/futurhobby.com\/tienda\/#website\",\"url\":\"https:\/\/futurhobby.com\/tienda\/\",\"name\":\"Futurhobby.com\/tienda\",\"description\":\"Lo mejor en Drones, Aeromodelismo y Hobby\",\"potentialAction\":[{\"@type\":\"SearchAction\",\"target\":{\"@type\":\"EntryPoint\",\"urlTemplate\":\"https:\/\/futurhobby.com\/tienda\/?s={search_term_string}\"},\"query-input\":\"required name=search_term_string\"}],\"inLanguage\":\"es\"}]}<\/script>\n<!-- \/ Yoast SEO plugin. -->","yoast_head_json":{"title":"Align M480L","description":"multicoptero Align M480M, drones Align, cuadricoptero ampliable a 6 brazos","robots":{"index":"index","follow":"follow","max-snippet":"max-snippet:-1","max-image-preview":"max-image-preview:large","max-video-preview":"max-video-preview:-1"},"canonical":"https:\/\/futurhobby.com\/tienda\/comprar\/align-m480l-super-combo\/","og_locale":"es_ES","og_type":"article","og_title":"Align M480L","og_description":"multicoptero Align M480M, drones Align, cuadricoptero ampliable a 6 brazos","og_url":"https:\/\/futurhobby.com\/tienda\/comprar\/align-m480l-super-combo\/","og_site_name":"Futurhobby.com\/tienda","article_publisher":"https:\/\/www.facebook.com\/futurhobby\/","article_modified_time":"2024-12-05T21:34:08+00:00","og_image":[{"width":800,"height":800,"url":"https:\/\/futurhobby.com\/tienda\/wp-content\/uploads\/2015\/02\/3177-thickbox_default-Align-M480L.jpg","type":"image\/jpeg"}],"twitter_card":"summary_large_image","twitter_misc":{"Tiempo de lectura":"1 minuto"},"schema":{"@context":"https:\/\/schema.org","@graph":[{"@type":"WebPage","@id":"https:\/\/futurhobby.com\/tienda\/comprar\/align-m480l-super-combo\/","url":"https:\/\/futurhobby.com\/tienda\/comprar\/align-m480l-super-combo\/","name":"Align M480L","isPartOf":{"@id":"https:\/\/futurhobby.com\/tienda\/#website"},"datePublished":"2015-02-20T13:38:31+00:00","dateModified":"2024-12-05T21:34:08+00:00","description":"multicoptero Align M480M, drones Align, cuadricoptero ampliable a 6 brazos","breadcrumb":{"@id":"https:\/\/futurhobby.com\/tienda\/comprar\/align-m480l-super-combo\/#breadcrumb"},"inLanguage":"es","potentialAction":[{"@type":"ReadAction","target":["https:\/\/futurhobby.com\/tienda\/comprar\/align-m480l-super-combo\/"]}]},{"@type":"BreadcrumbList","@id":"https:\/\/futurhobby.com\/tienda\/comprar\/align-m480l-super-combo\/#breadcrumb","itemListElement":[{"@type":"ListItem","position":1,"name":"Portada","item":"https:\/\/futurhobby.com\/tienda\/"},{"@type":"ListItem","position":2,"name":"Tienda","item":"https:\/\/futurhobby.com\/tienda\/"},{"@type":"ListItem","position":3,"name":"Align M480L Super Combo"}]},{"@type":"WebSite","@id":"https:\/\/futurhobby.com\/tienda\/#website","url":"https:\/\/futurhobby.com\/tienda\/","name":"Futurhobby.com\/tienda","description":"Lo mejor en Drones, Aeromodelismo y Hobby","potentialAction":[{"@type":"SearchAction","target":{"@type":"EntryPoint","urlTemplate":"https:\/\/futurhobby.com\/tienda\/?s={search_term_string}"},"query-input":"required name=search_term_string"}],"inLanguage":"es"}]}},"brands":[],"_links":{"self":[{"href":"https:\/\/futurhobby.com\/tienda\/wp-json\/wp\/v2\/product\/12506"}],"collection":[{"href":"https:\/\/futurhobby.com\/tienda\/wp-json\/wp\/v2\/product"}],"about":[{"href":"https:\/\/futurhobby.com\/tienda\/wp-json\/wp\/v2\/types\/product"}],"replies":[{"embeddable":true,"href":"https:\/\/futurhobby.com\/tienda\/wp-json\/wp\/v2\/comments?post=12506"}],"wp:featuredmedia":[{"embeddable":true,"href":"https:\/\/futurhobby.com\/tienda\/wp-json\/wp\/v2\/media\/12504"}],"wp:attachment":[{"href":"https:\/\/futurhobby.com\/tienda\/wp-json\/wp\/v2\/media?parent=12506"}],"wp:term":[{"taxonomy":"pwb-brand","embeddable":true,"href":"https:\/\/futurhobby.com\/tienda\/wp-json\/wp\/v2\/pwb-brand?post=12506"},{"taxonomy":"product_cat","embeddable":true,"href":"https:\/\/futurhobby.com\/tienda\/wp-json\/wp\/v2\/product_cat?post=12506"},{"taxonomy":"product_tag","embeddable":true,"href":"https:\/\/futurhobby.com\/tienda\/wp-json\/wp\/v2\/product_tag?post=12506"}],"curies":[{"name":"wp","href":"https:\/\/api.w.org\/{rel}","templated":true}]}}