{"id":9315,"date":"2011-04-14T03:46:44","date_gmt":"2011-04-14T01:46:44","guid":{"rendered":"https:\/\/futurhobby.com\/tienda\/comprar\/set-brushless-para-piccolo-con-lipos-3s\/"},"modified":"2011-04-14T03:46:44","modified_gmt":"2011-04-14T01:46:44","slug":"set-brushless-para-piccolo-con-lipos-3s","status":"publish","type":"product","link":"https:\/\/futurhobby.com\/tienda\/comprar\/set-brushless-para-piccolo-con-lipos-3s\/","title":{"rendered":"Set brushless para Piccolo con Lipos 3S"},"content":{"rendered":"<p>\u00a1Nuevo: tuning para los Piccolos! \u00a1M\u00e1s potencia y m\u00e1s tiempo de vuelo! <\/p>\n<p> En la combinaci\u00f3n con una bater\u00eda de 3 elementos de Lipo, este set convierte el Piccolo en una aut\u00e9ntica maravilla de potencia. Gracias al peso m\u00e1s reducido y la alta eficiencia del propulsor se logran tiempos de vuelo bastante m\u00e1s prolongados. Sobre todo los aficionados a los kits de fuselaje pueden compensar as\u00ed el mayor peso.  <\/p>\n<p>    El Set contiene: motor brushless, regulador brushless, pi\u00f1\u00f3n de acero 10\/3,2 mm, abastecimiento de corriente mediante cable en Y, cable en V para Piccolo, piezas varias<\/p>\n","protected":false},"excerpt":{"rendered":"<p> \u00a1Nuevo: tuning para los Piccolos! \u00a1M\u00e1s potencia y m\u00e1s tiempo de vuelo!  En la combinaci\u00f3n con una bater\u00eda de 3 elementos de Lipo, este set convierte el Piccolo en una aut\u00e9ntica maravilla de&#8230;<\/p>\n","protected":false},"featured_media":9314,"comment_status":"closed","ping_status":"closed","template":"","meta":[],"pwb-brand":[],"product_cat":[634],"product_tag":[],"yoast_head":"<!-- This site is optimized with the Yoast SEO plugin v20.2 - https:\/\/yoast.com\/wordpress\/plugins\/seo\/ -->\n<title>Set brushless para Piccolo con Lipos 3S &#8902; Futurhobby.com\/tienda<\/title>\n<meta name=\"robots\" content=\"index, follow, max-snippet:-1, max-image-preview:large, max-video-preview:-1\" \/>\n<link rel=\"canonical\" href=\"https:\/\/futurhobby.com\/tienda\/comprar\/set-brushless-para-piccolo-con-lipos-3s\/\" \/>\n<meta property=\"og:locale\" content=\"es_ES\" \/>\n<meta property=\"og:type\" content=\"article\" \/>\n<meta property=\"og:title\" content=\"Set brushless para Piccolo con Lipos 3S &#8902; Futurhobby.com\/tienda\" \/>\n<meta property=\"og:description\" content=\"\u00a1Nuevo: tuning para los Piccolos! \u00a1M\u00e1s potencia y m\u00e1s tiempo de vuelo! En la combinaci\u00f3n con una bater\u00eda de 3 elementos de Lipo, este set convierte el Piccolo en una aut\u00e9ntica maravilla de...\" \/>\n<meta property=\"og:url\" content=\"https:\/\/futurhobby.com\/tienda\/comprar\/set-brushless-para-piccolo-con-lipos-3s\/\" \/>\n<meta property=\"og:site_name\" content=\"Futurhobby.com\/tienda\" \/>\n<meta property=\"article:publisher\" content=\"https:\/\/www.facebook.com\/futurhobby\/\" \/>\n<meta property=\"og:image\" content=\"https:\/\/futurhobby.com\/tienda\/wp-content\/uploads\/2011\/04\/345.jpg\" \/>\n\t<meta property=\"og:image:width\" content=\"450\" \/>\n\t<meta property=\"og:image:height\" content=\"281\" \/>\n\t<meta property=\"og:image:type\" content=\"image\/jpeg\" \/>\n<meta name=\"twitter:card\" content=\"summary_large_image\" \/>\n<meta name=\"twitter:label1\" content=\"Tiempo de lectura\" \/>\n\t<meta name=\"twitter:data1\" content=\"1 minuto\" \/>\n<script type=\"application\/ld+json\" class=\"yoast-schema-graph\">{\"@context\":\"https:\/\/schema.org\",\"@graph\":[{\"@type\":\"WebPage\",\"@id\":\"https:\/\/futurhobby.com\/tienda\/comprar\/set-brushless-para-piccolo-con-lipos-3s\/\",\"url\":\"https:\/\/futurhobby.com\/tienda\/comprar\/set-brushless-para-piccolo-con-lipos-3s\/\",\"name\":\"Set brushless para Piccolo con Lipos 3S &#8902; Futurhobby.com\/tienda\",\"isPartOf\":{\"@id\":\"https:\/\/futurhobby.com\/tienda\/#website\"},\"datePublished\":\"2011-04-14T01:46:44+00:00\",\"dateModified\":\"2011-04-14T01:46:44+00:00\",\"breadcrumb\":{\"@id\":\"https:\/\/futurhobby.com\/tienda\/comprar\/set-brushless-para-piccolo-con-lipos-3s\/#breadcrumb\"},\"inLanguage\":\"es\",\"potentialAction\":[{\"@type\":\"ReadAction\",\"target\":[\"https:\/\/futurhobby.com\/tienda\/comprar\/set-brushless-para-piccolo-con-lipos-3s\/\"]}]},{\"@type\":\"BreadcrumbList\",\"@id\":\"https:\/\/futurhobby.com\/tienda\/comprar\/set-brushless-para-piccolo-con-lipos-3s\/#breadcrumb\",\"itemListElement\":[{\"@type\":\"ListItem\",\"position\":1,\"name\":\"Portada\",\"item\":\"https:\/\/futurhobby.com\/tienda\/\"},{\"@type\":\"ListItem\",\"position\":2,\"name\":\"Tienda\",\"item\":\"https:\/\/futurhobby.com\/tienda\/\"},{\"@type\":\"ListItem\",\"position\":3,\"name\":\"Set brushless para Piccolo con Lipos 3S\"}]},{\"@type\":\"WebSite\",\"@id\":\"https:\/\/futurhobby.com\/tienda\/#website\",\"url\":\"https:\/\/futurhobby.com\/tienda\/\",\"name\":\"Futurhobby.com\/tienda\",\"description\":\"Lo mejor en Drones, Aeromodelismo y Hobby\",\"potentialAction\":[{\"@type\":\"SearchAction\",\"target\":{\"@type\":\"EntryPoint\",\"urlTemplate\":\"https:\/\/futurhobby.com\/tienda\/?s={search_term_string}\"},\"query-input\":\"required name=search_term_string\"}],\"inLanguage\":\"es\"}]}<\/script>\n<!-- \/ Yoast SEO plugin. -->","yoast_head_json":{"title":"Set brushless para Piccolo con Lipos 3S &#8902; Futurhobby.com\/tienda","robots":{"index":"index","follow":"follow","max-snippet":"max-snippet:-1","max-image-preview":"max-image-preview:large","max-video-preview":"max-video-preview:-1"},"canonical":"https:\/\/futurhobby.com\/tienda\/comprar\/set-brushless-para-piccolo-con-lipos-3s\/","og_locale":"es_ES","og_type":"article","og_title":"Set brushless para Piccolo con Lipos 3S &#8902; Futurhobby.com\/tienda","og_description":"\u00a1Nuevo: tuning para los Piccolos! \u00a1M\u00e1s potencia y m\u00e1s tiempo de vuelo! En la combinaci\u00f3n con una bater\u00eda de 3 elementos de Lipo, este set convierte el Piccolo en una aut\u00e9ntica maravilla de...","og_url":"https:\/\/futurhobby.com\/tienda\/comprar\/set-brushless-para-piccolo-con-lipos-3s\/","og_site_name":"Futurhobby.com\/tienda","article_publisher":"https:\/\/www.facebook.com\/futurhobby\/","og_image":[{"width":450,"height":281,"url":"https:\/\/futurhobby.com\/tienda\/wp-content\/uploads\/2011\/04\/345.jpg","type":"image\/jpeg"}],"twitter_card":"summary_large_image","twitter_misc":{"Tiempo de lectura":"1 minuto"},"schema":{"@context":"https:\/\/schema.org","@graph":[{"@type":"WebPage","@id":"https:\/\/futurhobby.com\/tienda\/comprar\/set-brushless-para-piccolo-con-lipos-3s\/","url":"https:\/\/futurhobby.com\/tienda\/comprar\/set-brushless-para-piccolo-con-lipos-3s\/","name":"Set brushless para Piccolo con Lipos 3S &#8902; Futurhobby.com\/tienda","isPartOf":{"@id":"https:\/\/futurhobby.com\/tienda\/#website"},"datePublished":"2011-04-14T01:46:44+00:00","dateModified":"2011-04-14T01:46:44+00:00","breadcrumb":{"@id":"https:\/\/futurhobby.com\/tienda\/comprar\/set-brushless-para-piccolo-con-lipos-3s\/#breadcrumb"},"inLanguage":"es","potentialAction":[{"@type":"ReadAction","target":["https:\/\/futurhobby.com\/tienda\/comprar\/set-brushless-para-piccolo-con-lipos-3s\/"]}]},{"@type":"BreadcrumbList","@id":"https:\/\/futurhobby.com\/tienda\/comprar\/set-brushless-para-piccolo-con-lipos-3s\/#breadcrumb","itemListElement":[{"@type":"ListItem","position":1,"name":"Portada","item":"https:\/\/futurhobby.com\/tienda\/"},{"@type":"ListItem","position":2,"name":"Tienda","item":"https:\/\/futurhobby.com\/tienda\/"},{"@type":"ListItem","position":3,"name":"Set brushless para Piccolo con Lipos 3S"}]},{"@type":"WebSite","@id":"https:\/\/futurhobby.com\/tienda\/#website","url":"https:\/\/futurhobby.com\/tienda\/","name":"Futurhobby.com\/tienda","description":"Lo mejor en Drones, Aeromodelismo y Hobby","potentialAction":[{"@type":"SearchAction","target":{"@type":"EntryPoint","urlTemplate":"https:\/\/futurhobby.com\/tienda\/?s={search_term_string}"},"query-input":"required name=search_term_string"}],"inLanguage":"es"}]}},"brands":[],"_links":{"self":[{"href":"https:\/\/futurhobby.com\/tienda\/wp-json\/wp\/v2\/product\/9315"}],"collection":[{"href":"https:\/\/futurhobby.com\/tienda\/wp-json\/wp\/v2\/product"}],"about":[{"href":"https:\/\/futurhobby.com\/tienda\/wp-json\/wp\/v2\/types\/product"}],"replies":[{"embeddable":true,"href":"https:\/\/futurhobby.com\/tienda\/wp-json\/wp\/v2\/comments?post=9315"}],"wp:featuredmedia":[{"embeddable":true,"href":"https:\/\/futurhobby.com\/tienda\/wp-json\/wp\/v2\/media\/9314"}],"wp:attachment":[{"href":"https:\/\/futurhobby.com\/tienda\/wp-json\/wp\/v2\/media?parent=9315"}],"wp:term":[{"taxonomy":"pwb-brand","embeddable":true,"href":"https:\/\/futurhobby.com\/tienda\/wp-json\/wp\/v2\/pwb-brand?post=9315"},{"taxonomy":"product_cat","embeddable":true,"href":"https:\/\/futurhobby.com\/tienda\/wp-json\/wp\/v2\/product_cat?post=9315"},{"taxonomy":"product_tag","embeddable":true,"href":"https:\/\/futurhobby.com\/tienda\/wp-json\/wp\/v2\/product_tag?post=9315"}],"curies":[{"name":"wp","href":"https:\/\/api.w.org\/{rel}","templated":true}]}}